 52, -5*x - 39 = 3*l + 5. Let y = w + x. What is the tens digit of y?
1
Let a(x) = -x**3 - 6*x**2 - 4*x - 4. Let q be a(-4). What is the tens digit of q/(-1) + 3 + -4?
1
Suppose 2*y + 4*i - 19 - 25 = 0, -2*y = 3*i - 39. What is the units digit of y?
2
Suppose 330 = d + 2*d. What is the units digit of d?
0
Let w(x) = -3*x. What is the tens digit of w(-8)?
2
Let v(d) = -d**3 + 9*d**2 - 5*d + 11. Let c(i) = -2*i**3 + 18*i**2 - 9*i + 23. Let g(r) = -6*c(r) + 13*v(r). What is the tens digit of g(7)?
2
Let h = 5 + -4. What is the units digit of (-1)/h + -2 + 7?
4
Let s(i) = 13*i**3 - 4*i + 5. What is the hundreds digit of s(3)?
3
Suppose 2*r - 207 = -5*f, -f + 475 = 5*r + 3*f. What is the tens digit of r?
9
Let y(u) = -6 + u + 6 + 2. What is the units digit of y(6)?
8
Let f(r) = -r + 1. Let g be f(-1). Suppose 2*k + 3 = -3*s + 44, -5*s = g*k - 67. What is the units digit of s?
3
Suppose 3*j - 3*i = 477, 2*j + i + 621 = 6*j. What is the units digit of j?
4
Let l(i) = -i**3 + 9*i**2 - 9*i + 12. Let x be l(8). Suppose x*m = 5*m. Suppose m + 48 = 3*a. What is the tens digit of a?
1
Let g(l) = l**3 + 4*l**2 - 4*l - 3. Let p be g(-5). Let w = p + 34. What is the tens digit of w?
2
Suppose -4*s - 1 = w, -2*w - 10 = -3*s + 3. What is the units digit of 3 - s*(-2 + -5)?
0
Suppose -2*c + 2 = -0. What is the units digit of c?
1
Let h = -48 - -147. What is the tens digit of h?
9
Let l(b) be the third derivative of b**6/360 - b**5/40 - b**4/12 - b**3/2 - 2*b**2. Let r(m) be the first derivative of l(m). What is the units digit of r(6)?
6
Let c(b) = b**2 - 7*b - 5. Let y be c(8). Suppose 2*r = y*r + 7. Let v(t) = -t**3 - 7*t**2 - 2*t - 10. What is the units digit of v(r)?
4
Suppose -2*t + 470 = 3*t. Let l = t + -40. Let s = l - 32. What is the units digit of s?
2
Suppose 2*l = 5*q - 10, 3*l - 4*q + 8 = -l. Suppose 4*x + j = -l*j + 16, -6 = -2*x - j. What is the units digit of x?
5
Let j(o) = o**3 + 5*o**2 + 2*o + 2. Let i be j(-3). Suppose 0*w + i = w. What is the units digit of w?
4
Let t(u) = u + 15. Let k(g) = -2*g. Let d be k(4). What is the units digit of t(d)?
7
Suppose -5 = 5*p + h + 4*h, h = -4*p - 4. Let c be (-1 - -1)/(p - -3). Suppose -4*i + c*i + 9 = -w, 3*w - 18 = -3*i. What is the units digit of w?
3
Let i = -15 - -17. Suppose -r - i*r = -96. What is the tens digit of r?
3
Let k = 64 + -44. What is the units digit of k?
0
Suppose 5*n = -4*u + 15, -4*n = -5 - 7. Suppose 4*p - 4*d - 216 = u, 3*d + 27 = p - 33. What is the tens digit of p?
5
Let s(u) = -u**3 - 13*u**2 - 12*u + 3. Let k be s(-12). Suppose -3 = -4*v - k*n, 21 - 3 = 3*v - 3*n. What is the units digit of v?
3
Let u = 12 + 0. What is the units digit of u?
2
Suppose -3*v + 6 - 3 = 3*m, -3*v = 2*m - 1. Let r(y) = 3*y + m - 2 - 2 + 0. What is the units digit of r(4)?
0
Let h = -4 + 13. Suppose -2*o = -21 + h. Let x = -2 + o. What is the units digit of x?
4
Let r(d) = d**3 + 8*d**2 + 3*d - 5. What is the tens digit of r(-6)?
4
Let w(i) = -i - 2. Let b = 7 + -4. Let m = b + -8. What is the units digit of w(m)?
3
Let s = -28 + 34. What is the units digit of s?
6
Let j = 7 - -18. What is the units digit of j?
5
Suppose 3*u - 2*u = 50. What is the tens digit of u?
5
What is the tens digit of 6/(28/(-16) - -2)?
2
Let t(z) = -12*z - 1. Suppose -5 + 2 = -m. Suppose -7 = 3*q + 2*s, 5*q - m = 5*s + 2. What is the tens digit of t(q)?
1
Let r(h) = -h - 13. Let q be r(-17). Suppose 2 = 2*v - 0*v + q*y, -5*v + 2*y = -65. What is the tens digit of v?
1
What is the units digit of (1 - (-1)/(-2))*2466/9?
7
Suppose -2*r - r = 0. Let o = -2 - r. What is the units digit of 184/24 - o/(-3)?
7
Let q = -276 - -561. What is the hundreds digit of q?
2
Let l(d) = -17*d - 1. What is the tens digit of l(-6)?
0
Let k be 67/4 + (-3)/4. Let u be (-2)/(-2) + k + -6. Suppose u = q - c, -q = c + 2*c - 15. What is the tens digit of q?
1
What is the hundreds digit of 2/8 + (-5)/40*-2110?
2
Suppose -2*z + 4 = -6. Let i(k) = -k**3 + 6*k**2 - 7*k + 7. Let h be i(z). Let q = h + 5. What is the units digit of q?
2
Let z be (1 + 55)*5/2. Suppose z = 4*s + 20. What is the tens digit of s?
3
Let v = 61 + 209. What is the units digit of v?
0
Let c = -22 + 64. What is the units digit of c?
2
Let b(z) = 2*z + 3. Let d be b(4). Suppose -2*a = -d - 9. What is the tens digit of a?
1
Let l(a) = a**2 + 4*a + 4 + 2 - 2*a - 4. What is the units digit of l(-5)?
7
Suppose 4*k - 18 = -2*x + 4*x, -4*x - 24 = -2*k. Suppose 1 = m - k*d, 3*m + m + 3*d = 4. What is the units digit of m?
1
Let r(f) = -12*f - 6. Let j be r(-4). Let y be 4*-1*(-4 + 2). What is the units digit of j/y + 3/(-12)?
5
Let l be ((-1)/(-3))/((-5)/(-330)). Let w = 39 - l. What is the tens digit of w?
1
Let v(b) = -2*b**3 - 5*b**2 - 6*b - 3. Let q be v(-2). Suppose 55 = 4*w - q. What is the units digit of w?
5
Let x be 6/4*10/(-15). What is the units digit of (x/3)/((-2)/6)?
1
Suppose 0 = g - 2*k - 5, -5*g + 3 = -3*k - 8. Suppose 0 = 5*n - 10, -1 = m - 3*n + g. Suppose a = 3*a - m. What is the units digit of a?
2
Let w(k) = k**2 - 6*k - 2. Let d be w(7). Suppose -7*u + 2*u + 44 = g, 4*u - 41 = d*g. What is the units digit of u?
9
Suppose -4*q - 2*r - 28 = 0, -r - 1 + 5 = 0. Let t = q - -7. What is the tens digit of 3*3 + (-1 - t)?
1
Let y = 4 + 1. Suppose r = 5*p - 9 - 12, 2*r - 3*p + 7 = 0. Suppose 0 = y*c - r*k - 5, -2*c = 2*k - 2. What is the units digit of c?
1
Let t = -2 + 0. What is the units digit of ((-2)/(-3))/(t/(-3))?
1
Let j(m) = 6*m**2 + 2*m - 1. What is the units digit of j(-2)?
9
Let a(f) = 8*f**2 + 4*f - 1. What is the units digit of a(3)?
3
Let h(y) = -y + 9 - 7*y**3 + 6*y**3 - 2*y**2 + 3*y**2. Suppose -5*s = -10*s. What is the units digit of h(s)?
9
Let b = 1 + 1. Suppose r - b*v = -r + 18, -75 = -5*r - v. What is the units digit of r?
4
Suppose -4*h = -0*b + 2*b + 4, 0 = 2*h - 5*b + 14. Let q = 14 - 10. Let l = h + q. What is the units digit of l?
2
Let l = -6 - -8. Suppose 0 = -r + l*r. Suppose r = -k + 2*z + 6, -5*k + 15 = -3*z - 8. What is the units digit of k?
4
Let j = 103 - 66. What is the units digit of j?
7
Let z(m) = -8 + 4*m - 26*m**3 - 2*m**2 + 9*m**2 + m + 25*m**3. What is the tens digit of z(7)?
2
Suppose -55 = -6*c + 83. What is the units digit of c?
3
What is the units digit of (3 + (-186)/(-30))/((-2)/(-10))?
6
Suppose 0 = 3*a - a + 3*t - 71, -5*a = 4*t - 195. What is the units digit of a?
3
Let q = 8 + 3. What is the tens digit of q?
1
Let a(h) = -6*h - 8. Let z be a(-13). Let v be (-8)/2*z/(-8). Let t = 49 - v. What is the units digit of t?
4
Let b = 7 + 9. Suppose -3*r - 9 = -3*c + 75, c + 3*r = b. What is the tens digit of c?
2
Let r(p) = 5*p**3 + p**2 - 6*p + 7. What is the tens digit of r(4)?
1
Let n = -31 + 53. What is the tens digit of n?
2
Suppose -3*u + 28 = -7*u. Let g(l) = l**2 + 5*l - 2. What is the tens digit of g(u)?
1
Suppose 2*j = 3*b - 2*j - 17, -b = j + 6. Let x be b - (0 - 12) - -2. Let t = -7 + x. What is the units digit of t?
6
Let y(w) = -w**3 - 8*w**2 - 5*w + 10. Let f be y(-8). Suppose 5*o - 20 = f. What is the tens digit of o?
1
Let t(q) = q**3 - 16*q**2 + 13*q + 8. Let y be t(15). Let a be -3*37*2/(-6). Let m = a + y. What is the tens digit of m?
1
Let j(k) = k**3 + 5*k**2 - 5*k - 11. Let m be j(-5). Let u = m - 11. What is the units digit of u?
3
Let j(q) = q**3 - 5*q**2 - 6*q + 3. Suppose d - 6 = -4*f + 10, 5*d + 3*f - 80 = 0. Let h = d + -10. What is the units digit of j(h)?
3
Suppose 0 = 2*x + 6, 2*x - 30 - 52 = -2*p. Suppose -j - 2*k + 0 = -27, -k - p = -2*j. What is the tens digit of j?
2
Suppose -r + 14 = 3. Let v = 16 - r. What is the units digit of v?
5
What is the units digit of (-22)/(-3)*(-30)/(-4)?
5
Suppose -2*h - 3 = h. Let r = 4 + h. What is the units digit of r?
3
Let f be 9/4*(-24)/(-9). Let s = 8 - f. Let q = s + -1. What is the units digit of q?
1
What is the hundreds digit of (-302)/(-3) + (-8 + 1)/(-21)?
1
Suppose 4*j + 4*h = 100, -2*j + 2*h - 7 + 37 = 0. What is the units digit of j?
0
Let h(w) = 19*w. Suppose -3*j = 2*j - 5. What is the tens digit of h(j)?
1
Let l be (-2)/(-7) + (-918)/(-21). Suppose 3*x + 5*u - 63 = 0, -l = -2*x - u - 9. What is the units digit of x?
6
Let o = -17 - -15. Let a(y) = -2*y - 1. Let g be a(1). Let h = o - g. What is the units digit of h?
1
Suppose 0*r + r - 288 = 